{"id":124,"date":"2018-02-27T22:43:54","date_gmt":"2018-02-27T19:43:54","guid":{"rendered":"http:\/\/www.cinarciktesvikiyeasm.web.tr\/?page_id=124"},"modified":"2025-03-21T14:08:38","modified_gmt":"2025-03-21T11:08:38","slug":"serviksrahim-kanseri-taramalari","status":"publish","type":"page","link":"https:\/\/www.cinarciktesvikiyeasm.web.tr\/?page_id=124","title":{"rendered":"Serviks (Rahim) Kanseri Taramalar\u0131"},"content":{"rendered":"<p><img loading=\"lazy\" class=\"alignnone  wp-image-151\" src=\"http:\/\/www.cinarciktesvikiyeasm.web.tr\/wp-content\/uploads\/2018\/02\/kanser-el-600x458.jpg\" alt=\"\" width=\"293\" height=\"224\" \/><\/p>\n<p>Kimlere Yap\u0131lmal\u0131?<\/p>\n<p>\u00dclkemiz ko\u015fullar\u0131 dikkate al\u0131nd\u0131\u011f\u0131nda ger\u00e7ekle\u015ftirilebilir hedef; kad\u0131nlarda 30 ya\u015f\u0131nda ba\u015flayan ve 65 ya\u015f\u0131nda biten taramad\u0131r.<\/p>\n<p>Ne Kadar S\u0131kl\u0131kla Yap\u0131lmal\u0131?<\/p>\n<p>HPV ve\/veya Pap-Smear Aile Hekimli\u011fi biriminin arac\u0131l\u0131\u011f\u0131yla her 5 y\u0131lda 1 tekrarlan\u0131r. Son iki HPV ve\/veya Pap-Smear testi negatif olan 65 ya\u015f\u0131ndaki kad\u0131nlarda tarama kesilir.<\/p>\n<p>Neden Erken Te\u015fhis?<\/p>\n<p>Erken d\u00f6nemde tespit edilmesi tedavi ba\u015far\u0131s\u0131 i\u00e7in \u00e7ok de\u011ferlidir. Erken d\u00f6nemde yakalanarak tedavi edildi\u011finde ba\u015far\u0131 oran\u0131 %100&#8217;e yak\u0131nd\u0131r. Bu nedenle kansere d\u00f6n\u00fc\u015fme ihtimali olan h\u00fccrelerin \u00f6nceden tespit edilmesi ve gerekli m\u00fcdahalelerin yap\u0131lmas\u0131 kanser riskini ortadan kald\u0131racakt\u0131r.<\/p>\n<p>Nas\u0131l Yapt\u0131rabilirim?<\/p>\n<p>Aile Sa\u011fl\u0131\u011f\u0131 Merkezimize gelerek veya 0226 2441115 numaral\u0131 telefonumuzu aray\u0131p Aile Sa\u011fl\u0131\u011f\u0131 Elemanlar\u0131 Nurhan G\u00fcng\u00f6r ve Ebru Bah\u00e7al\u0131 ile g\u00f6r\u00fc\u015ferek Meme Kanseri Taramas\u0131 i\u00e7in randevu alabilirsiniz.<\/p>\n","protected":false},"excerpt":{"rendered":"<p>Kimlere Yap\u0131lmal\u0131? \u00dclkemiz ko\u015fullar\u0131 dikkate al\u0131nd\u0131\u011f\u0131nda ger\u00e7ekle\u015ftirilebilir hedef; kad\u0131nlarda 30 ya\u015f\u0131nda ba\u015flayan ve 65 ya\u015f\u0131nda biten taramad\u0131r. Ne Kadar S\u0131kl\u0131kla Yap\u0131lmal\u0131? HPV ve\/veya Pap-Smear Aile Hekimli\u011fi biriminin arac\u0131l\u0131\u011f\u0131yla her 5 y\u0131lda 1 tekrarlan\u0131r. Son iki HPV ve\/veya Pap-Smear testi negatif olan 65 ya\u015f\u0131ndaki kad\u0131nlarda tarama kesilir. Neden Erken Te\u015fhis? Erken d\u00f6nemde tespit edilmesi tedavi ba\u015far\u0131s\u0131 &hellip; <\/p>\n<p class=\"link-more\"><a href=\"https:\/\/www.cinarciktesvikiyeasm.web.tr\/?page_id=124\" class=\"more-link\">Okumaya devam et<span class=\"screen-reader-text\"> &#8220;Serviks (Rahim) Kanseri Taramalar\u0131&#8221;<\/span><\/a><\/p>\n","protected":false},"author":1,"featured_media":0,"parent":0,"menu_order":0,"comment_status":"closed","ping_status":"closed","template":"","meta":[],"_links":{"self":[{"href":"https:\/\/www.cinarciktesvikiyeasm.web.tr\/index.php?rest_route=\/wp\/v2\/pages\/124"}],"collection":[{"href":"https:\/\/www.cinarciktesvikiyeasm.web.tr\/index.php?rest_route=\/wp\/v2\/pages"}],"about":[{"href":"https:\/\/www.cinarciktesvikiyeasm.web.tr\/index.php?rest_route=\/wp\/v2\/types\/page"}],"author":[{"embeddable":true,"href":"https:\/\/www.cinarciktesvikiyeasm.web.tr\/index.php?rest_route=\/wp\/v2\/users\/1"}],"replies":[{"embeddable":true,"href":"https:\/\/www.cinarciktesvikiyeasm.web.tr\/index.php?rest_route=%2Fwp%2Fv2%2Fcomments&post=124"}],"version-history":[{"count":7,"href":"https:\/\/www.cinarciktesvikiyeasm.web.tr\/index.php?rest_route=\/wp\/v2\/pages\/124\/revisions"}],"predecessor-version":[{"id":268,"href":"https:\/\/www.cinarciktesvikiyeasm.web.tr\/index.php?rest_route=\/wp\/v2\/pages\/124\/revisions\/268"}],"wp:attachment":[{"href":"https:\/\/www.cinarciktesvikiyeasm.web.tr\/index.php?rest_route=%2Fwp%2Fv2%2Fmedia&parent=124"}],"curies":[{"name":"wp","href":"https:\/\/api.w.org\/{rel}","templated":true}]}}